pose -23 = -g*l - 19. Suppose z - 144 = 3*n - 5*n, l*n = -3*z + 140. What is the tens digit of n?
7
Suppose -445563 + 61903 = -23*h + 3*h. What is the ten thousands digit of h?
1
Let o(m) = 12*m**2 - 109*m + 1372. What is the tens digit of o(63)?
3
What is the thousands digit of (1071/(-36) + -6)*-44?
1
Suppose 26286 = 30*r - 7254. Let a = 1676 - r. What is the tens digit of a?
5
Let u(o) = 4*o**2 - 241*o + 15488. What is the tens digit of u(0)?
8
Let s = 2 - -1. Suppose -s*f - 4*f - 168 = 0. What is the units digit of (-42 - 1)*(7 - f/(-3))?
3
Let w(f) = -2 + 12 - 9 + 12*f - 7. What is the units digit of w(10)?
4
Let v(j) = 10*j**2 + 8*j - 2. Let r(n) = n**2 - n + 1. Let x(m) = -8*r(m) + v(m). Let k be x(-7). Let u = k + 40. What is the tens digit of u?
1
Let b be 66/22 - (2/1 - -52). What is the units digit of 884/(-78)*b/2?
9
Let r(u) = 44*u + 54. Let s be r(11). Suppose -s - 578 = -6*z. What is the tens digit of z?
8
Let i(b) = -35*b + 495. Let q be i(14). Suppose -v = q*t - 317, 5*v + 18*t - 1606 = 14*t. What is the units digit of v?
2
Suppose 5*i = 4*q + 33984, 9*i - 5*q = 13*i - 27179. What is the hundreds digit of i?
7
Let i be -1 - (-12)/9 - (-5485)/15. Suppose 11*g + i = 17*g. What is the tens digit of g?
6
Let h(o) = o**2 - 17*o - 68. Let k be (4/((-56)/161))/((-3)/6). What is the tens digit of h(k)?
7
Let s(v) = v**3 + 17*v**2 - v + 8. Let c be s(-9). Let z = 1397 - c. What is the units digit of z?
2
Let g(o) = -42*o + 3636. Let b be g(87). Let q be 2/((2 - 4)/1). What is the tens digit of q/2*-3*(-1284)/b?
0
Suppose -27703 - 15689 = -32*d. What is the units digit of d?
6
Suppose -2*k - 18 - 2 = 0. Let s(n) be the first derivative of -2*n**2 + 33*n + 235. What is the units digit of s(k)?
3
Suppose -z + p = 1863, -z - 1707 = -2*p + 160. Let d = -639 - z. What is the hundreds digit of d?
2
Let w(q) = -823*q + 8297. What is the hundreds digit of w(-13)?
9
Suppose 2*n - 5*a = -724, 18*n - 16*n + 3*a = -756. Let p = n + 942. What is the units digit of p?
0
Suppose -x + 0*x = 0. Suppose x = -17*l + 19*l - 24. What is the units digit of ((-680)/6)/(l/(-18))?
0
Let u(v) = 11*v**2 + 3*v + 84. Let b(f) = -5*f**2 - 3*f - 42. Let k(r) = 13*b(r) + 6*u(r). What is the units digit of k(28)?
4
Let s be ((-1)/(-4))/(2/104). Suppose -4*k = -33 + s. Suppose 0*g - 115 = -g + k*d, -5*g - 4*d + 691 = 0. What is the hundreds digit of g?
1
Suppose -2735488 = 2644*j - 2708*j. What is the thousands digit of j?
2
Suppose 0 = 309*d - 259*d - 3459000. What is the tens digit of d?
8
Let f(k) = -5*k**2 - 20*k + 51. Let h be f(10). Let y = -498 - h. What is the units digit of y?
1
Suppose 51*q - 78767 - 105445 = 0. What is the units digit of q?
2
Let f = 1632 + -139. What is the thousands digit of f?
1
What is the hundreds digit of 7216/33*(-45)/(-80)*164?
1
Suppose 14*y = 16*y + 4*l - 25476, 5*y - 14*l - 63594 = 0. What is the hundreds digit of y?
7
Suppose -2*q = 244*b - 248*b + 7158, 0 = -q + 1. What is the hundreds digit of b?
7
Let d = -17 + -39. Let p = 41 + d. What is the tens digit of p*-4*2 - (0 - -2)?
1
Suppose -18*k = -13*k + 605. Let h = k + 126. Suppose 0 = f, -h*o + 5*f - 4*f + 915 = 0. What is the hundreds digit of o?
1
Let l(q) be the third derivative of -q**5/60 + 5*q**4/24 + q**3 - 6*q**2. Let g be l(6). Suppose y - 3*y + 96 = g. What is the tens digit of y?
4
Let o(l) = -10*l**2 + 7*l + 1. Let u be o(3). Let z = u + 123. What is the tens digit of z?
5
Let j(q) = -50*q - 23. Suppose 0 = 4*w + 2*z + 18, 15 = -3*w - 2*z + z. What is the tens digit of j(w)?
7
Let d = 179 + -179. Suppose -6*j - 2*j + 2480 = d. What is the hundreds digit of j?
3
What is the ten thousands digit of 77716/6 + (-5864)/2199?
1
Suppose -5*u - 2*t - 172828 = -10*u, -2*u = t - 69133. What is the units digit of u?
6
Let s be (10454/3)/((-116)/(-174)). Suppose -18*q = s - 31741. What is the units digit of q?
3
Let u = -506 - -508. Suppose -16 - 48 = -h. Suppose -u*k + 82 = -h. What is the units digit of k?
3
Suppose 32*z + 106150 = 22*z. What is the units digit of -1 + 1 + z/(121/(-11))?
5
Let v = 62 - -27. Suppose 4*u - 64 = -2*r, -5*u - v = -5*r + r. Suppose 0*g - 3*g + 11 = w, 2*g = w - r. What is the tens digit of w?
2
Let o = 2167 - -7886. What is the thousands digit of o?
0
Let d = 25433 - 16193. What is the hundreds digit of d?
2
Suppose 0 = 5*m - 154 + 124. What is the thousands digit of (-217833)/(-164) - m/(-8)?
1
Suppose -5*b + 2*j = -5, 2*b + 8 = -j + 19. Suppose 6*q = b*q - 12. What is the units digit of (q/6)/((-2)/360*4)?
0
What is the tens digit of (-7346)/3*855/(-570)?
7
Suppose -4*u - 2422 = -2414. What is the tens digit of 0 + -4 + -41*16*u?
0
Suppose -8*d + 18817 + 831 = 0. What is the thousands digit of d?
2
Let i(j) = 30*j - 1 + j**2 - 90 - j. What is the tens digit of i(16)?
2
Suppose -46495 = -4*g - 0*f - f, -3*f + 46501 = 4*g. What is the hundreds digit of g?
6
Let a(d) be the third derivative of 0*d - 2/15*d**5 - 1/120*d**6 - 19*d**2 - 3/2*d**3 + 0 + 7/24*d**4. What is the units digit of a(-9)?
9
Let c = 7944 - 3548. What is the units digit of c?
6
Let r be (9/6)/(((-3)/80)/1). What is the hundreds digit of (r/(-100))/((-1)/(-2095))?
8
Suppose 20 = 5*t, 144949 = 12*j - 9*j - 2*t. What is the thousands digit of j?
8
Let x(z) = 3145*z + 22040. What is the hundreds digit of x(11)?
6
What is the units digit of (28/(-40) - (0 + 5/(-25)))*-45518?
9
Suppose 5*i - 105876 = -5*a - 34736, -5*i + 4*a = -71086. What is the hundreds digit of i?
2
Let d = 310 - 336. Let m(w) = -w**3 - 27*w**2 - 24*w + 54. What is the units digit of m(d)?
2
Let b be (-20)/(-160) + 66/(-16). Let v(q) = -64*q - 3. What is the units digit of v(b)?
3
Let p(z) = -z**2 - 4*z - 1. Let v be p(-15). Let h = -38 - v. Let f = 169 - h. What is the tens digit of f?
4
What is the hundreds digit of (-10)/(-2)*14/((-392)/(-91364))?
3
Suppose -7025 = 4*t + p - 54470, 0 = -4*t - 4*p + 47424. What is the ten thousands digit of t?
1
Let z be 0 + ((-1)/(-3))/((-2)/6). Let g(k) = -7*k**3 + k + 2. Let p be g(z). Suppose 378 = p*i - 878. What is the units digit of i?
7
Let l(c) = 2*c**3 - 2*c**2 - 2*c. Let y be l(-1). What is the thousands digit of (50952/154)/(y/(-7))?
1
Let r(l) be the second derivative of l**5/10 - l**4/4 + l**3/6 + 5*l**2/2 - l. Suppose -116*o + 72 = -98*o. What is the tens digit of r(o)?
8
Let b = 22882 - 13502. What is the tens digit of b?
8
Suppose -4*r + 5*a - 83 = -9, -2*r = -3*a + 36. Let h = r + 24. Suppose -2*i = -3*z + 111, h*z - 105 = i + 3*i. What is the units digit of z?
9
Let q(t) be the second derivative of -2*t - 7/3*t**3 + 5 + 25/2*t**2 + 11/12*t**4 + 1/20*t**5. What is the units digit of q(-11)?
9
Let r = -15534 - -21738. What is the tens digit of r?
0
Suppose -o - 7 = 5*h, -5*o + 4 = -o + 4*h. Suppose -4*u - 2*r - 12 = 2*r, 2*r = o*u + 34. Let f(i) = 2*i**2 - 6. What is the hundreds digit of f(u)?
1
Let g = 10377 + -4033. What is the tens digit of g?
4
Suppose -9376 + 55952 = 41*u. What is the hundreds digit of u?
1
Let s(b) = 4*b**3 - 5*b**2 - 9*b + 7. Let q be s(-4). What is the tens digit of -5*(3 - 2) - q?
8
Let j(z) = -14*z - 25. Let f(m) = -m**3 - 12*m**2 + 16*m + 25. Let k be f(-13). What is the hundreds digit of j(k)?
1
Let o be (64/(-12))/(6 - 96/18). Suppose -4*x + 22 + 2 = 0. What is the tens digit of x/o + 4002/24?
6
Suppose 19*y - 164675 = -10946. What is the tens digit of y?
9
Suppose 46260 = 17*p - 263837. What is the hundreds digit of p?
2
Suppose 5*n = -4*a - 10017 + 44377, 0 = 5*a - 2*n - 42917. What is the hundreds digit of a?
5
Let a = -445 + 480. Let g(v) = 58*v - 202. What is the hundreds digit of g(a)?
8
Let m be -3*(2 + 40/12). Let f be 4/m + (-9)/(-4). What is the units digit of 215/((-15)/(-3)) - f?
1
Let l(k) = 4*k - 24. Let o be l(7). Suppose m = 3 + o. Suppose 4*t - 4*s = 424, t + s + m - 121 = 0. What is the tens digit of t?
1
Let a be 457952/297 - (-2)/27. What is the hundreds digit of (25/(100/(-8)))/((-4)/a)?
7
Suppose 5*u + 3*z + 1206 + 2805 = 0, -u - 5*z - 789 = 0. Let r = -309 - u. What is the tens digit of r?
9
Let m = -94 + 89. What is the tens digit of 10 + m - (-2429)/7?
5
Suppose 2*x = 3*x - 2*p - 3692, p + 14810 = 4*x. What is the units digit of x?
4
Suppose -59*s + 62*s - 42900 = 3*i, 57146 = 4*s + 5*i. What is the ten t